d 126.
18
What is the highest common factor of 283042 and 274?
274
What is the highest common divisor of 40179 and 1816?
227
Calculate the highest common factor of 20889 and 3168.
99
Calculate the highest common factor of 1173 and 78081.
51
What is the greatest common factor of 9840 and 37884?
492
What is the greatest common divisor of 146227 and 60791?
1643
What is the highest common divisor of 16488 and 576?
72
Calculate the highest common divisor of 14388 and 79461.
327
What is the highest common divisor of 14520 and 840?
120
Calculate the highest common divisor of 87 and 73921.
29
What is the greatest common divisor of 36 and 6836?
4
What is the greatest common factor of 19450 and 22562?
778
Calculate the highest common factor of 432792 and 648.
72
What is the highest common factor of 1415205 and 15?
15
What is the highest common divisor of 32810 and 54426?
386
What is the greatest common factor of 192 and 203664?
48
Calculate the highest common divisor of 8464 and 304.
16
What is the greatest common factor of 252 and 84000?
84
Calculate the highest common divisor of 51624 and 432.
216
What is the highest common factor of 195 and 7320?
15
Calculate the highest common divisor of 70 and 101570.
70
Calculate the greatest common factor of 2408373 and 11.
11
Calculate the highest common divisor of 2040 and 105.
15
What is the greatest common factor of 16380 and 2085?
15
What is the highest common factor of 3942 and 1026?
54
Calculate the greatest common divisor of 2385251 and 11.
11
What is the highest common factor of 158 and 46?
2
What is the highest common factor of 838438 and 268?
134
What is the greatest common divisor of 8035 and 4320?
5
What is the highest common factor of 700 and 567700?
700
What is the greatest common divisor of 42050 and 850?
50
What is the greatest common factor of 684603 and 1161?
387
What is the greatest common factor of 1117305 and 210?
105
What is the greatest common factor of 2224 and 19321?
139
What is the greatest common factor of 2347118 and 71?
71
What is the highest common factor of 5752 and 8?
8
Calculate the highest common divisor of 254 and 116.
2
Calculate the greatest common divisor of 28 and 58051.
7
What is the greatest common factor of 8 and 38002?
2
Calculate the highest common divisor of 4278 and 1518.
138
What is the highest common factor of 5 and 1140655?
5
Calculate the highest common factor of 2385 and 424.
53
What is the greatest common factor of 8050 and 243800?
1150
Calculate the greatest common factor of 12 and 24985776.
12
Calculate the greatest common divisor of 118743 and 3.
3
What is the highest common divisor of 25355 and 495?
55
What is the greatest common divisor of 295 and 29382?
59
What is the highest common factor of 198576 and 27216?
1008
What is the greatest common divisor of 404300 and 4030?
130
Calculate the greatest common divisor of 564 and 5217.
141
Calculate the greatest common divisor of 3328308 and 4248.
2124
Calculate the greatest common divisor of 115739 and 116.
29
Calculate the greatest common factor of 120 and 390660.
60
Calculate the greatest common factor of 126856 and 942.
314
Calculate the highest common divisor of 14 and 496286.
14
What is the highest common divisor of 4752 and 320232?
264
Calculate the greatest common divisor of 4074 and 336.
42
Calculate the highest common factor of 1204 and 224.
28
Calculate the highest common divisor of 39000 and 289000.
1000
Calculate the highest common divisor of 20 and 8890.
10
Calculate the highest common factor of 78 and 883532.
26
Calculate the highest common divisor of 10712016 and 28.
28
What is the highest common divisor of 5390 and 90?
10
What is the greatest common factor of 40 and 4352?
8
What is the greatest common factor of 1556 and 198779?
389
Calculate the greatest common factor of 91 and 51233.
91
What is the greatest common factor of 2080 and 1664?
416
What is the highest common factor of 10904 and 232?
232
Calculate the highest common factor of 5980 and 1820.
260
Calculate the greatest common divisor of 5456 and 1408.
176
Calculate the greatest common divisor of 6468 and 2352.
588
Calculate the highest common factor of 5499 and 541017.
423
Calculate the greatest common divisor of 25 and 19312625.
25
Calculate the greatest common factor of 4165008 and 48.
48
Calculate the highest common divisor of 84 and 89922.
42
Calculate the highest common divisor of 905 and 200.
5
What is the highest common divisor of 3616 and 51189?
113
What is the highest common factor of 15457 and 754?
377
Calculate the greatest common factor of 6463 and 621.
23
What is the greatest common divisor of 2786715 and 45?
45
What is the highest common divisor of 600 and 504600?
600
Calculate the greatest common factor of 610 and 44530.
610
What is the highest common divisor of 3699 and 10686?
411
What is the highest common divisor of 54 and 19098?
18
What is the greatest common divisor of 132 and 86262?
66
Calculate the greatest common divisor of 146 and 2740201.
73
What is the highest common factor of 252993 and 156?
39
Calculate the greatest common factor of 978 and 453.
3
Calculate the greatest common factor of 363 and 1420782.
363
What is the highest common factor of 63765 and 18?
9
What is the greatest common divisor of 117913 and 1159?
61
What is the greatest common factor of 190 and 7714?
38
Calculate the greatest common factor of 38 and 308674.
38
What is the highest common factor of 221 and 910156?
13
What is the highest common factor of 40 and 780392?
8
Calculate the highest common factor of 60 and 236400.
60
What is the highest common factor of 27 and 52047?
9
What is the highest common divisor of 2549426 and 22?
22
What is the highest common divisor of 284683 and 1876?
469
Calculate the highest common factor of 336 and 475216.
112
Calculate the greatest common divisor of 32804 and 1946.
278
Calculate the highest common factor of 230 and 8180.
10
Calculate the greatest common divisor of 69957 and 9.
9
Calculate the greatest common divisor of 8820 and 122157.
441
Calculate the greatest common divisor of 69 and 44390.
23
Calculate the greatest common factor of 357854 and 28.
14
Calculate the greatest common divisor of 81 and 16803.
9
Calculate the greatest common divisor of 156 and 503646.
78
Calculate the greatest common factor of 320656 and 409.
409
What is the greatest common factor of 472 and 92453?
59
Calculate the highest common factor of 28518 and 4998.
294
Calculate the highest common factor of 44 and 8982666.
22
What is the highest common factor of 46295 and 329?
47
Calculate the greatest common factor of 2338 and 581.
7
What is the greatest common divisor of 2700697 and 619?
619
What is the greatest common divisor of 44858 and 1210?
22
Calculate the highest common factor of 4 and 11608.
4
What is the highest common factor of 768 and 1416?
24
What is the highest common factor of 14910 and 210?
210
What is the highest common divisor of 1421 and 586061?
203
Calculate the greatest common factor of 303752 and 13245.
883
Calculate the highest common factor of 360 and 11320.
40
Calculate the greatest common factor of 8547 and 1.
1
What is the greatest common factor of 14841 and 4131?
153
Calculate the greatest common divisor of 1484 and 103152.
28
Calculate the highest common factor of 1827 and 4977.
63
Calculate the highest common factor of 168 and 2248.
8
What is the greatest common factor of 72 and 1119408?
24
Calculate the greatest common divisor of 1154765 and 205.
205
What is the greatest common factor of 67946 and 148712?
1282
What is the highest common divisor of 55 and 310?
5
What is the highest common factor of 458 and 7099?
229
Calculate the greatest common divisor of 7728 and 952.
56
Calculate the highest common factor of 3 and 176271.
3
What is the highest common divisor of 164444 and 1078?
98
Calculate the highest common divisor of 17475 and 13514.
233
Calculate the greatest common divisor of 303 and 3693.
3
What is the greatest common divisor of 2550 and 288?
6
Calculate the greatest common factor of 9952 and 88946.
622
What is the greatest common divisor of 1836 and 12036?
204
What is the greatest common divisor of 19 and 144077?
19
What is the highest common divisor of 2049 and 6?
3
What is the greatest 